{"id":27,"date":"2009-07-10T09:45:11","date_gmt":"2009-07-10T08:45:11","guid":{"rendered":"http:\/\/olivenoelblog.de\/?page_id=27"},"modified":"2009-09-28T17:25:21","modified_gmt":"2009-09-28T16:25:21","slug":"bilder","status":"publish","type":"page","link":"http:\/\/olivenoelblog.de\/?page_id=27","title":{"rendered":"Bilder"},"content":{"rendered":"<p>no images were found<\/p>\n\n<p><strong>Olivenhaine<\/strong><br \/>\nHier werden Bilder von Olivenhainen abgebildet<\/p>\n<p><strong>Olivenanbau<\/strong><br \/>\nHier wird der Olivenanbau und die damit verbundenen T\u00e4tigkeiten, \u00fcber das Jahr mit Bildern dokumentiert<\/p>\n<p>1.\tGrundst\u00fcckspflege<br \/>\n2.\tBaumschnitt<br \/>\n3.\tBiologische D\u00fcngung<br \/>\n4.\tBiologische Sch\u00e4dlingsbek\u00e4mpfung<br \/>\n5.\tMauerbau<br \/>\n6.\tBew\u00e4sserung<\/p>\n<p><strong>Olivenernte<\/strong><br \/>\nHier wird die Olivenernte mit Bildern dokumentiert<\/p>\n<p>1.\tPr\u00fcfung des Reifegrades<br \/>\n2.\tAuslegen der Netze und Planen<br \/>\n3.\tDie Ernte<br \/>\n4.\tAussortieren der Oliven<br \/>\n5.\tZusammenlegen der Netze und Planen<br \/>\n6.\tTransport zur \u00d6lm\u00fchle<br \/>\n7.\tAnkunft der Oliven in der \u00d6lm\u00fchle<br \/>\n8.\tOhne Lagerung direkt zur Weiterverarbeitung<br \/>\n9.\tDie Verarbeitung anhand eines 2 Phasensystems<br \/>\n10.\tDie Lagerung in Aluminiumtanks<br \/>\n11.\tDie Abf\u00fcllung<br \/>\n12.\tDer Transport in die Absatzgebiete<br \/>\n13.\tDer Verkauf<\/p>\n<p><strong>\u00d6lm\u00fchle<\/strong><br \/>\nHier wird die \u00d6lm\u00fchle anhand von Bildern erkl\u00e4rt<\/p>\n<p>1.\t\u00dcberblick<br \/>\n2.\tDas Herstellungsverfahren<br \/>\n3.\tDie Lagerung<br \/>\n4.\tDie Abf\u00fcllung<br \/>\n5.\tDas Etikettieren<br \/>\n6.\tDie Entsorgung der Abf\u00e4lle<\/p>\n<p>Copyright: Wir freuen uns Ihnen Bilder zur Verf\u00fcgung zu stellen. Alle Bilder k\u00f6nnen kostenlos angesehen werden. Eine gewerbliche Verwendung ist nicht gestattet und Bedarf der Zustimmung durch den Inhaber der Bildrechte.<\/p>\n","protected":false},"excerpt":{"rendered":"<p>Olivenhaine Hier werden Bilder von Olivenhainen abgebildet Olivenanbau Hier wird der Olivenanbau und die damit verbundenen T\u00e4tigkeiten, \u00fcber das Jahr mit Bildern dokumentiert 1. Grundst\u00fcckspflege 2. Baumschnitt 3. Biologische D\u00fcngung 4. Biologische Sch\u00e4dlingsbek\u00e4mpfung 5. Mauerbau 6. Bew\u00e4sserung Olivenernte Hier wird die Olivenernte mit Bildern dokumentiert 1. Pr\u00fcfung des Reifegrades 2. Auslegen der Netze und Planen [&hellip;]<\/p>\n","protected":false},"author":1,"featured_media":0,"parent":0,"menu_order":0,"comment_status":"open","ping_status":"open","template":"","meta":{"ngg_post_thumbnail":0,"footnotes":""},"class_list":["post-27","page","type-page","status-publish","hentry"],"_links":{"self":[{"href":"http:\/\/olivenoelblog.de\/index.php?rest_route=\/wp\/v2\/pages\/27","targetHints":{"allow":["GET"]}}],"collection":[{"href":"http:\/\/olivenoelblog.de\/index.php?rest_route=\/wp\/v2\/pages"}],"about":[{"href":"http:\/\/olivenoelblog.de\/index.php?rest_route=\/wp\/v2\/types\/page"}],"author":[{"embeddable":true,"href":"http:\/\/olivenoelblog.de\/index.php?rest_route=\/wp\/v2\/users\/1"}],"replies":[{"embeddable":true,"href":"http:\/\/olivenoelblog.de\/index.php?rest_route=%2Fwp%2Fv2%2Fcomments&post=27"}],"version-history":[{"count":12,"href":"http:\/\/olivenoelblog.de\/index.php?rest_route=\/wp\/v2\/pages\/27\/revisions"}],"predecessor-version":[{"id":45,"href":"http:\/\/olivenoelblog.de\/index.php?rest_route=\/wp\/v2\/pages\/27\/revisions\/45"}],"wp:attachment":[{"href":"http:\/\/olivenoelblog.de\/index.php?rest_route=%2Fwp%2Fv2%2Fmedia&parent=27"}],"curies":[{"name":"wp","href":"https:\/\/api.w.org\/{rel}","templated":true}]}}